11001000101
1220210011 (base 3) to base 9
56704
What is db9b (base 14) in base 15?
b3b0
What is -324224 (base 5) in base 7?
-44423
What is 123012 (base 5) in base 7?
16604
7434 (base 8) to base 3
12022021
Convert -1289f5 (base 16) to base 13.
-33701b
3130103 (base 7) to base 5
44031014
6516103 (base 7) to base 10
794440
-453456 (base 11) to base 5
-141100242
Convert 402be (base 16) to base 6.
5344514
Convert 7263 (base 14) to base 16.
4ce7
Convert -361927 (base 11) to base 10.
-573448
2c7b5 (base 13) to base 7
502165
390961 (base 14) to base 13
5387c2
6848868 (base 9) to base 10
3693824
1100001010000011101101 (base 2) to base 3
12222220122021
Convert 10142274 (base 8) to base 15.
2c647b
What is 192975 (base 10) in base 11?
121a92
Convert 172a198 (base 13) to base 8.
34502536
Convert -11120231 (base 6) to base 14.
-8ab91
What is 104444323 (base 5) in base 6?
14013545
Convert -105046 (base 8) to base 7.
-205052
Convert 3855 (base 14) to base 8.
23223
-34212431 (base 5) to base 13
-a8567
Convert 10385 (base 10) to base 4.
2202101
11011111101101000001000 (base 2) to base 5
3334032222
-3ba5a6 (base 13) to base 12
-59b849
What is -13548 (base 14) in base 3?
-2102102101
Convert -4495876 (base 10) to base 12.
-1609944
Convert 101011110222012 (base 3) to base 7.
63631004
-65ea8 (base 15) to base 2
-1001111000101011101
-12da3b1 (base 14) to base 13
-1b79c12
What is 2434441 (base 5) in base 12?
2291a
586967 (base 10) to base 11
370aa7
What is 604627 (base 11) in base 12?
3aa881
What is 1230321320 (base 5) in base 8?
13273401
220002000122 (base 3) to base 16
73b0b
95b56 (base 12) to base 4
300010302
-1c208c (base 13) to base 12
-2a799b
Convert -2184008 (base 9) to base 5.
-300133333
Convert -8d0a9 (base 16) to base 2.
-10001101000010101001
What is -1a65043 (base 13) in base 5?
-4213102040
What is -1547756 (base 10) in base 13?
-422642
What is 556124 (base 7) in base 10?
98165
Convert 113510042 (base 7) to base 3.
111020001021022
What is -15501304 (base 9) in base 8?
-35406113
Convert 2a1676 (base 16) to base 4.
22201121312
What is 20322302023 (base 4) in base 11?
1357582
Convert -2201102112 (base 3) to base 7.
-312026
What is 111000001100011010 (base 2) in base 14?
5dc4a
-18642b (base 16) to base 9
-3005658
333011112 (base 4) to base 10
258390
What is -241341202 (base 5) in base 2?
-100010001110010010011
123330102 (base 4) to base 12
56296
What is 110210012122 (base 3) in base 12?
101775
-5917b (base 16) to base 5
-43134143
Convert 121389 (base 11) to base 15.
3bdd4
1269834 (base 12) to base 14
6a4dcc
What is 14b27b (base 14) in base 6?
23251221
What is 2708068 (base 9) in base 2?
101101001110110000111
What is -100110012210 (base 3) in base 5?
-21423201
Convert 878156 (base 10) to base 15.
1252db
-576523 (base 12) to base 13
-3a0572
What is -9a9916 (base 13) in base 3?
-20212100212212
b7429 (base 14) to base 5
103130410
Convert 504161 (base 7) to base 9.
140248
Convert 525727 (base 8) to base 6.
3430251
What is -1155531 (base 6) in base 14?
-18943
110000010010110000000001 (base 2) to base 15
11a105d
Convert 1739751 (base 10) to base 11.
a89112
What is -139897 (base 13) in base 4?
-1310300101
What is -2200122101 (base 3) in base 11?
-36873
Convert -1b99fa (base 16) to base 4.
-12321213322
Convert 101020120120020 (base 3) to base 13.
1187b20
c683 (base 16) to base 12
254ab
-3952495 (base 10) to base 4
-33010331233
Convert 214044 (base 8) to base 14.
1c1c8
Convert 3969c (base 15) to base 3.
100100001110
2fa89 (base 16) to base 8
575211
What is -644628 (base 10) in base 16?
-9d614
113142540 (base 6) to base 7
23650455
-2082002 (base 11) to base 14
-6b4c4a
-165fc (base 16) to base 4
-112113330
5986a5 (base 12) to base 15
1d84d2
Convert -1110011111 (base 2) to base 4.
-32133
What is -88777 (base 14) in base 8?
-1206005
What is 935408 (base 11) in base 9?
2736304
663223 (base 7) to base 11
7a4a1
-32324 (base 7) to base 16
-1f76
Convert -169a43 (base 13) to base 4.
-2021233101
Convert 132104 (base 6) to base 5.
342021
Convert -15243 (base 15) to base 5.
-4134023
Convert 4145211 (base 6) to base 13.
704aa
Convert 1202001022200 (base 3) to base 16.
e2170
What is -1d89c (base 16) in base 2?
-11101100010011100
What is -11a9b8 (base 15) in base 14?
-18040c
Convert 175050 (base 9) to base 2.
11010100001111010
-2010210122211 (base 3) to base 16
-115c39
-133757 (base 8) to base 5
-3001322
-2771b (base 12) to base 2
-1101010101000111
Convert -7b36c (base 15) to base 7.
-3222444
Convert 5283087 (base 11) to base 10.
9301123
What is 29920 (base 14) in base 3?
12020201200
Convert -2131211 (base 10) to base 2.
-1000001000010100001011
What is 11120102100222 (base 3) in base 14?
473453
-5320523 (base 6) to base 14
-6a763
16701312 (base 8) to base 14
737470
Convert -893b24 (base 13) to base 5.
-1312021443
d2406 (base 15) to base 9
1224246
What is -102302022 (base 5) in base 2?
-1101001010110011000
What is 1aa782 (base 16) in base 6?
101235042
Convert -84898c (base 13) to base 7.
-35244661
Convert -81891 (base 13) to base 15.
-48bc0
Convert -317048 (base 11) to base 10.
-507163
-1043043 (base 9) to base 11
-352740
Convert 4a2059 (base 12) to base 14.
235821
Convert -72501 (base 11) to base 2.
-11001110100011011
-38110 (base 13) to base 10
-103441
833b8 (base 12) to base 15
35cce
What is 331414120 (base 5) in base 3?
2200221011222
14201114 (base 5) to base 15
2d874
-12204451 (base 6) to base 8
-1371317
Convert -110001000000100011011 (base 2) to base 14.
-2db363
Convert 1100111110100011101110 (base 2) to base 3.
20101211121202
Convert 148a91 (base 14) to base 9.
1310460
Convert 625aa (base 11) to base 15.
1c073
624468 (base 10) to base 7
5210415
Convert -1201121102111 (base 3) to base 16.
-dff90
10181412 (base 9) to base 6
252532402
Convert 277277 (base 8) to base 6.
2033343
What is 14631332 (base 7) in base 3?
2122021010202
101110001 (base 2) to base 3
111200
1539d7 (base 14) to base 15
e9444
-12d6d9 (base 14) to base 10
-651695
-11111121111010 (base 3) to base 8
-11103075
-1010010111010111011101 (base 2) to base 7
-32044501
Convert 126a2bc (base 13) to base 3.
101211210122202
Convert 2b0ace (base 16) to base 7.
32655643
109957c (base 15) to base 16
b53deb
Convert 9741dc (base 14) to base 7.
61345065
117208 (base 13) to base 2
1100101011101011011
Convert 211010100 (base 3) to base 7.
65010
What is 122320223 (base 4) in base 11?
75812
Convert -131636 (base 7) to base 5.
-1242144
What is -559600 (base 10) in base 16?
-889f0
Convert -241720 (base 8) to base 9.
-135636
What is -1001101011010010101100 (base 2) in base 10?
-2536620
What is 562329 (base 10) in base 8?
2112231
-421454231 (base 6) to base 3
-111212002212101
Convert 2103335 (base 6) to base 7.
602663
What is 4344522 (base 6) in base 16?
34c82
Convert 2032430441 (base 5) to base 10.
4186371
What is 37cd86 (base 15) in base 13?
729081
Convert -7a7174 (base 12) to base 15.
-28b2c7
Convert -692878 (base 12) to base 9.
-3146402
5a854 (base 12) to base 6
2341344
Convert 2225 (base 13) to base 6.
34015
-14848 (base 13) to base 7
-221002
Convert -101999 (base 10) to base 5.
-11230444
Convert -2600107 (base 11) to base 14.
-8555d2
What is -2201347 (base 8) in base 10?
-590567
Convert -25634166 (base 7) to base 13.
-6413a9
Convert 839716 (base 15) to base 6.
342052050
121122022 (base 3) to base 11
9129
777125 (base 9) to base 13
133550
-1561714 (base 8) to base 11
-289274
What is 1100001001010000 (base 2) in base 7?
265012
29939 (base 15) to base 14
36a24
Convert -14a4a5 (base 11) to base 13.
-823a5
Convert -1353014 (base 9) to base 5.
-142243333
Convert -24063401 (base 7) to base 9.
-4011318
124301 (base 7) to base 13
a6b2
Convert 8079046 (base 10) to base 6.
445054554
-2fd3e (base 16) to base 14
-51570
What is -20004213 (base 7) in base 6?
-55200130
Convert 1313122220 (base 5) to base 6.
153431553
Convert -12220022212 (base 3) to base 8.
-342666
190532 (base 11) to base 9
486486
Convert 111110001110001100000 (base 2) to base 3.
10211120211002
What is 211121221002212 (base 3) in base 6?
1105422552
Convert 44114002 (base 5) to base 15.
77587
What is 4313124142 (base 5) in base 10?
9114297
-1202222200200 (base 3) to base 9
-1688620
-4313030 (base 5) to base 2
-10001110010111010
92135 (base 15) to base 16
70f3a
What is 265a026 (ba